 (base 15) to base 14.
-1
What is -3 (base 4) in base 2?
-11
64 (base 11) to base 12
5a
4 (base 9) to base 10
4
Convert d (base 14) to base 16.
d
100110 (base 2) to base 14
2a
-20 (base 4) to base 3
-22
What is -21 (base 8) in base 15?
-12
What is 2b (base 14) in base 4?
213
15 (base 8) to base 13
10
Convert 200 (base 6) to base 12.
60
Convert 34 (base 15) to base 12.
41
What is 144 (base 6) in base 11?
59
Convert 56 (base 16) to base 7.
152
1100101 (base 2) to base 10
101
What is -42 (base 7) in base 3?
-1010
-22 (base 4) to base 5
-20
-6 (base 14) to base 9
-6
1 (base 8) to base 16
1
What is 8 (base 16) in base 8?
10
12 (base 6) to base 12
8
4 (base 7) to base 2
100
What is 2 (base 12) in base 15?
2
Convert -12 (base 10) to base 13.
-c
What is 33 (base 4) in base 7?
21
What is 0 (base 2) in base 9?
0
Convert 3 (base 11) to base 8.
3
3 (base 10) to base 6
3
What is -21 (base 5) in base 12?
-b
-4 (base 11) to base 3
-11
Convert -10 (base 6) to base 5.
-11
Convert 3 (base 7) to base 10.
3
0 (base 14) to base 2
0
23 (base 6) to base 12
13
Convert -10010001 (base 2) to base 10.
-145
1 (base 7) to base 3
1
What is 5 (base 9) in base 4?
11
What is -110 (base 2) in base 10?
-6
What is 636 (base 7) in base 3?
102220
Convert 3 (base 14) to base 8.
3
What is 4 (base 16) in base 13?
4
-302 (base 7) to base 8
-225
-133 (base 4) to base 14
-23
Convert -8 (base 9) to base 14.
-8
What is -3 (base 9) in base 8?
-3
-20 (base 10) to base 6
-32
Convert -3 (base 16) to base 12.
-3
12 (base 14) to base 2
10000
What is 4 (base 16) in base 4?
10
101110 (base 2) to base 7
64
-70 (base 12) to base 2
-1010100
Convert -22 (base 11) to base 9.
-26
What is 414 (base 9) in base 12?
241
-1 (base 15) to base 2
-1
Convert -4 (base 11) to base 13.
-4
Convert -1b (base 16) to base 8.
-33
What is 2020 (base 4) in base 8?
210
1 (base 7) to base 13
1
Convert -8 (base 15) to base 11.
-8
1 (base 6) to base 13
1
Convert 34 (base 10) to base 9.
37
ed (base 15) to base 6
1011
Convert -100 (base 5) to base 8.
-31
What is 50 (base 11) in base 14?
3d
-31 (base 9) to base 15
-1d
-75 (base 8) to base 15
-41
230 (base 6) to base 15
60
What is 2 (base 15) in base 9?
2
102 (base 4) to base 7
24
Convert 4 (base 12) to base 8.
4
-1021 (base 4) to base 3
-2201
Convert -11122 (base 3) to base 8.
-175
Convert -1001 (base 2) to base 12.
-9
What is 1 (base 11) in base 6?
1
Convert -6 (base 15) to base 9.
-6
Convert -1032 (base 5) to base 3.
-12021
-113 (base 12) to base 7
-315
What is -18 (base 12) in base 4?
-110
Convert 135 (base 9) to base 4.
1301
-3 (base 7) to base 8
-3
1001001 (base 2) to base 16
49
Convert -a7 (base 16) to base 13.
-cb
Convert -80 (base 11) to base 13.
-6a
Convert -22 (base 12) to base 15.
-1b
0 (base 16) to base 13
0
Convert 1 (base 12) to base 14.
1
Convert -7 (base 14) to base 9.
-7
Convert -2c (base 15) to base 13.
-33
Convert 1000 (base 2) to base 10.
8
What is -4 (base 9) in base 11?
-4
Convert -20201 (base 3) to base 5.
-1211
Convert -b (base 16) to base 5.
-21
What is -10 (base 4) in base 13?
-4
What is 4b (base 12) in base 14?
43
What is -36 (base 13) in base 3?
-1200
Convert 0 (base 7) to base 10.
0
Convert 19 (base 15) to base 12.
20
8a (base 16) to base 10
138
What is 421 (base 5) in base 14?
7d
-2 (base 9) to base 5
-2
-3 (base 10) to base 2
-11
What is 133 (base 5) in base 10?
43
5 (base 11) to base 10
5
What is -21 (base 5) in base 2?
-1011
Convert -12 (base 12) to base 15.
-e
Convert -1313 (base 4) to base 8.
-167
134 (base 5) to base 9
48
-60 (base 10) to base 14
-44
Convert -17 (base 14) to base 3.
-210
Convert -11 (base 4) to base 12.
-5
Convert -a (base 12) to base 8.
-12
Convert -4c (base 15) to base 3.
-2200
What is -214 (base 5) in base 15?
-3e
What is -10202 (base 3) in base 8?
-145
31 (base 6) to base 15
14
Convert 39 (base 15) to base 6.
130
26 (base 8) to base 12
1a
Convert -a (base 14) to base 16.
-a
Convert 1020 (base 3) to base 14.
25
Convert -3 (base 16) to base 9.
-3
What is 10131 (base 4) in base 9?
346
What is 1 (base 10) in base 11?
1
What is 210 (base 6) in base 15?
53
What is -10 (base 2) in base 3?
-2
Convert -27 (base 14) to base 5.
-120
What is 3 (base 7) in base 2?
11
-267 (base 10) to base 3
-100220
2 (base 8) to base 13
2
What is 23 (base 7) in base 2?
10001
33 (base 11) to base 7
51
What is 23 (base 10) in base 16?
17
Convert -6 (base 12) to base 2.
-110
Convert -8 (base 14) to base 2.
-1000
What is -66 (base 11) in base 16?
-48
What is 2 (base 8) in base 16?
2
-16 (base 11) to base 4
-101
Convert 91 (base 13) to base 9.
141
What is -31 (base 6) in base 14?
-15
3 (base 15) to base 11
3
What is -2 (base 12) in base 4?
-2
Convert -26 (base 9) to base 2.
-11000
100000 (base 2) to base 4
200
What is 78 (base 9) in base 5?
241
-1b (base 16) to base 3
-1000
-11 (base 3) to base 2
-100
Convert -1310 (base 6) to base 14.
-198
Convert -168 (base 13) to base 9.
-313
What is -37 (base 10) in base 3?
-1101
-9 (base 13) to base 3
-100
Convert -164 (base 14) to base 12.
-1b8
0 (base 11) to base 14
0
Convert -112 (base 5) to base 4.
-200
a (base 14) to base 5
20
What is 110 (base 2) in base 6?
10
Convert 2 (base 15) to base 8.
2
Convert -35 (base 6) to base 12.
-1b
-31 (base 16) to base 6
-121
What is 63 (base 9) in base 8?
71
-1011011 (base 2) to base 3
-10101
-101 (base 2) to base 3
-12
Convert 94 (base 16) to base 10.
148
Convert 10 (base 2) to base 7.
2
-13 (base 10) to base 3
-111
What is -26 (base 9) in base 8?
-30
Convert -17 (base 8) to base 15.
-10
Convert -14 (base 10) to base 9.
-15
Convert 25 (base 13) to base 11.
29
What is 21 (base 9) in base 12?
17
-3 (base 11) to base 12
-3
Convert 13a (base 11) to base 2.
10100100
What is 22 (base 3) in base 2?
1000
4 (base 8) to base 5
4
Convert -156 (base 7) to base 2.
-1011010
Convert -2 (base 4) to base 2.
-10
What is 3 (base 11) in base 12?
3
Convert 13 (base 6) to base 7.
12
What is 3 (base 4) in base 6?
3
Convert 251 (base 6) to base 16.
67
What is -31 (base 10) in base 6?
-51
Convert 60 (base 7) to base 15.
2c
-320 (base 7) to base 16
-a1
What is 11 (base 2) in base 11?
3
What is -12 (base 5) in base 8?
-7
What is 5 (base 6) in base 10?
5
What is 5 (base 13) in base 16?
5
Convert -3a (base 12) to base 4.
-232
Convert -110100001 (base 2) to base 7.
-1134
What is -19 (base 13) in base 6?
-34
Convert 39 (base 15) to base 13.
42
-24 (base 14) to base 15
-22
42 (base 11) to base 7
64
What is 10 (base 10) in base 5?
20
Convert -3 (base 6) to base 11.
-3
1e (base 15) to base 6
45
Convert 12 (base 4) to base 15.
6
What is -8 (base 14) in base 2?
-1000
What is 303 (base 5) in base 16?
4e
What is 7 (base 16) in base 11?
7
102120 (base 3) to base 5
2222
Convert -47 (base 8) to base 5.
-124
-1010 (base 2) to base 14
-a
Convert -7 (base 13) to base 7.
-10
Convert 232 (base 6) to base 4.
1130
120 (base 6) to base 5
143
Convert -2 (base 10) to base 14.
-2
Convert -c (base 13) to base 2.
-1100
Convert 12 (base 12) to base 6.
22
Convert -10 (base 2) to base 15.
-2
Convert 12d (base 16) to base 2.
100101101
What is 110 (base 2) in base 6?
10
11110 (base 2) to base 3
1010
1 (base 3) to base 11
1
What is 533 (base 6) in base 11?
173
-16 (base 9) to base 8
-17
101 (base 3) to base 12
a
-11 (base 6) to base 14
-7
Convert -13 (base 8) to base 5.
-21
Convert 462 (base 8) to base 15.
156
What is -303 (base 4) in base 9?
-56
Convert -11 (base 2) to base 8.
-3
Convert -32 (base 10) to base 16.
-20
22 (base 6) to base 4
32
What is 19 (base 10) in base 16?
13
Convert 8 (base 12) to base 11.
8
Convert -14 (base 16) to base 15.
-15
What is 22 (base 16) in base 15?
24
What is 27 (base 11) in base 7?
41
What is -1 (base 15) in base 2?
-1
-10011111 (base 2) to base 15
-a9
Convert 113 (base 11) to base 16.
87
Convert 157 (base 12) to base 13.
133
13 (base 11) to base 7
20
-2 (base 12) to base 10
-2
What is -8 (base 15) in base 8?
-10
What is 1 (base 4) in base 10?
1
-19 (base 11) to base 7
-26
Convert 13 (base 4) to base 14.
7
Convert -4 (base 13) to base 15.
-4
Convert 4 (base 16) to base 10.
4
-36 (base 13) to base 14
-33
Convert 1a1 (base 12) to base 4.
10021
What is 36 (base 7) in base 6?
43
-22 (base 6) to base 10
-14
What is -25 (base 9) in base 8?
-27
What is -2 (base 9) in base 13?
-2
What is 2 (base 14) in bas